ided by 335?
6
What is the remainder when 332636 is divided by 880?
876
Calculate the remainder when 4431 is divided by 1475.
6
Calculate the remainder when 17791 is divided by 59.
32
Calculate the remainder when 22856 is divided by 45.
41
What is the remainder when 76384 is divided by 2540?
184
Calculate the remainder when 295861 is divided by 98.
97
What is the remainder when 394488 is divided by 74?
68
What is the remainder when 132535 is divided by 38?
29
Calculate the remainder when 7116 is divided by 217.
172
What is the remainder when 5827 is divided by 2904?
19
What is the remainder when 3629 is divided by 200?
29
Calculate the remainder when 13907 is divided by 1615.
987
Calculate the remainder when 1483854 is divided by 11.
9
Calculate the remainder when 3649 is divided by 96.
1
Calculate the remainder when 28497 is divided by 14239.
19
What is the remainder when 2004 is divided by 246?
36
What is the remainder when 42153 is divided by 51?
27
What is the remainder when 40729 is divided by 10?
9
Calculate the remainder when 1528467 is divided by 170.
167
What is the remainder when 2619 is divided by 6?
3
What is the remainder when 2665 is divided by 57?
43
Calculate the remainder when 94216 is divided by 77.
45
Calculate the remainder when 6756258 is divided by 35.
33
Calculate the remainder when 7831744 is divided by 193.
190
Calculate the remainder when 2495 is divided by 89.
3
What is the remainder when 174889 is divided by 92?
89
What is the remainder when 1739 is divided by 1678?
61
Calculate the remainder when 24313 is divided by 209.
69
What is the remainder when 20860 is divided by 2958?
154
Calculate the remainder when 1775 is divided by 647.
481
What is the remainder when 2756 is divided by 8?
4
Calculate the remainder when 4813 is divided by 810.
763
What is the remainder when 1429876 is divided by 141?
136
What is the remainder when 414629 is divided by 1795?
1779
What is the remainder when 4210 is divided by 4205?
5
What is the remainder when 5822 is divided by 5802?
20
What is the remainder when 2436 is divided by 22?
16
Calculate the remainder when 147924 is divided by 36978.
12
What is the remainder when 121232 is divided by 40407?
11
What is the remainder when 444144 is divided by 11?
8
Calculate the remainder when 6973 is divided by 12.
1
Calculate the remainder when 275883 is divided by 137935.
13
What is the remainder when 9143 is divided by 127?
126
Calculate the remainder when 25715 is divided by 408.
11
Calculate the remainder when 48693 is divided by 20.
13
What is the remainder when 722 is divided by 99?
29
Calculate the remainder when 220142 is divided by 190.
122
What is the remainder when 683314 is divided by 243?
241
Calculate the remainder when 965 is divided by 328.
309
Calculate the remainder when 38195 is divided by 142.
139
Calculate the remainder when 99142 is divided by 12.
10
What is the remainder when 206490 is divided by 209?
207
Calculate the remainder when 1555 is divided by 94.
51
What is the remainder when 345140 is divided by 225?
215
Calculate the remainder when 50133 is divided by 480.
213
Calculate the remainder when 63019 is divided by 63003.
16
Calculate the remainder when 2850 is divided by 2554.
296
Calculate the remainder when 32005 is divided by 165.
160
Calculate the remainder when 27499 is divided by 2.
1
Calculate the remainder when 257779 is divided by 87.
85
What is the remainder when 355050 is divided by 359?
358
What is the remainder when 10100 is divided by 436?
72
What is the remainder when 60528 is divided by 322?
314
Calculate the remainder when 165320 is divided by 795.
755
Calculate the remainder when 207274 is divided by 92.
90
Calculate the remainder when 2633 is divided by 2626.
7
Calculate the remainder when 90831 is divided by 618.
603
Calculate the remainder when 6421 is divided by 3.
1
What is the remainder when 16639139 is divided by 107?
104
What is the remainder when 15204 is divided by 5061?
21
Calculate the remainder when 176218 is divided by 445.
443
Calculate the remainder when 7357 is divided by 2170.
847
Calculate the remainder when 17954 is divided by 1052.
70
Calculate the remainder when 154788 is divided by 360.
348
What is the remainder when 11258 is divided by 220?
38
What is the remainder when 22586 is divided by 7526?
8
Calculate the remainder when 1439 is divided by 73.
52
Calculate the remainder when 27999 is divided by 91.
62
Calculate the remainder when 220853 is divided by 220838.
15
Calculate the remainder when 4525 is divided by 1869.
787
What is the remainder when 4842 is divided by 303?
297
What is the remainder when 2633876 is divided by 877956?
8
What is the remainder when 483255 is divided by 31?
27
What is the remainder when 20035 is divided by 2504?
3
Calculate the remainder when 7644 is divided by 1269.
30
Calculate the remainder when 15879 is divided by 882.
3
What is the remainder when 1397 is divided by 71?
48
What is the remainder when 640 is divided by 252?
136
What is the remainder when 34679 is divided by 3120?
359
Calculate the remainder when 4271 is divided by 356.
355
Calculate the remainder when 54304 is divided by 905.
4
Calculate the remainder when 132669 is divided by 310.
299
Calculate the remainder when 3251 is divided by 2860.
391
Calculate the remainder when 115912 is divided by 6.
4
What is the remainder when 4966 is divided by 1098?
574
Calculate the remainder when 225 is divided by 60.
45
Calculate the remainder when 6794 is divided by 3332.
130
What is the remainder when 94181 is divided by 43?
11
What is the remainder when 20382 is divided by 20251?
131
What is the remainder when 3939 is divided by 1958?
23
Calculate the remainder when 11856 is divided by 3943.
27
Calculate the remainder when 64681 is divided by 472.
17
What is the remainder when 16343 is divided by 72?
71
What is the remainder when 237099 is divided by 25?
24
Calculate the remainder when 30304 is divided by 98.
22
Calculate the remainder when 39272 is divided by 12721.
1109
Calculate the remainder when 7947 is divided by 1984.
11
Calculate the remainder when 14597 is divided by 57.
5
Calculate the remainder when 469 is divided by 45.
19
What is the remainder when 36348 is divided by 30?
18
What is the remainder when 27823 is divided by 2?
1
Calculate the remainder when 73619 is divided by 2538.
17
Calculate the remainder when 6688 is divided by 973.
850
Calculate the remainder when 21608 is divided by 85.
18
Calculate the remainder when 25285 is divided by 3158.
21
What is the remainder when 62049 is divided by 12?
9
Calculate the remainder when 2136951 is divided by 712312.
15
What is the remainder when 2177 is divided by 215?
27
What is the remainder when 189987 is divided by 78?
57
Calculate the remainder when 8694 is divided by 2893.
15
What is the remainder when 3879 is divided by 118?
103
What is the remainder when 3600 is divided by 3573?
27
What is the remainder when 3672 is divided by 35?
32
Calculate the remainder when 8514 is divided by 149.
21
Calculate the remainder when 40163 is divided by 340.
43
What is the remainder when 200671 is divided by 158?
11
What is the remainder when 2720 is divided by 37?
19
What is the remainder when 9618 is divided by 304?
194
What is the remainder when 18621 is divided by 242?
229
What is the remainder when 150680 is divided by 173?
170
What is the remainder when 290398 is divided by 88?
86
What is the remainder when 43682 is divided by 1182?
1130
Calculate the remainder when 23220 is divided by 3868.
12
Calculate the remainder when 114334 is divided by 65.
64
What is the remainder when 1314486 is divided by 2457?
2448
What is the remainder when 1220 is divided by 253?
208
Calculate the remainder when 3779 is divided by 31.
28
What is the remainder when 6354004 is divided by 2065?
2064
What is the remainder when 15018 is divided by 102?
24
What is the remainder when 113987 is divided by 584?
107
What is the remainder when 20711 is divided by 4114?
141
What is the remainder when 907 is divided by 230?
217
What is the remainder when 26695 is divided by 307?
293
Calculate the remainder when 942720 is divided by 11.
9
What is the remainder when 424213 is divided by 14?
13
What is the remainder w